
False
Suppose 25*a = 3*a + 117854. Is a prime?
False
Let j(z) = -z**3 + 10*z**2 - 18*z + 3. Is j(-16) prime?
True
Suppose -4*h - 4*u + u = -1, -2*h - 5*u - 17 = 0. Let o(c) = c - 3 + c + c + h. Is o(4) prime?
True
Is ((-1)/8*2)/((-16)/383168) composite?
False
Let x be (24/(-10))/((-3)/15). Suppose -v - 3*v - x = 0. Is (0 - 668)/(-2) - v prime?
True
Let j be 5/(-20) + 3018/8. Suppose -4*y = -5*y + j. Is y prime?
False
Let x(b) = b**3 + 52*b**2 + 26*b - 133. Is x(-36) a composite number?
True
Let l = 46 - 7. Is 1 + l + 0 + (5 - 8) prime?
True
Is (3 - (-86625 - 10)) + -11 composite?
False
Is -2 - (6 - (-73413)/(-9)) a composite number?
True
Suppose 4 = -z, l + 2607 = -5*z + 7514. Is l a composite number?
True
Let j(l) = -9*l**2 + 4 + 15*l - 4 - l**3. Let s be -13 + 40/18 + (-6)/27. Is j(s) a composite number?
True
Let s(v) be the third derivative of v**6/5 - v**5/20 - v**4/12 - 4*v**3/3 + 2*v**2. Let m be s(-8). Is (m/(-24))/((-2)/(-6)) a prime number?
True
Suppose 0 = -5*i + 4*i + 4. Suppose 0 = -i*g + 4172 + 2736. Is g a prime number?
False
Let g(s) = 1824*s + 539. Is g(17) prime?
True
Let x = 1074 - 167. Is x composite?
False
Is (-1)/(0 + (-6)/83406) prime?
True
Suppose 0 = -2*w + 3*c - 9, -2*c + 25 = 5*w. Suppose -5*g + 942 = -w*g. Is g a composite number?
True
Suppose 0 = 12*i - 14*i + 8. Suppose -6*p + 4*o + 794 = -i*p, 3*o - 829 = -2*p. Is p composite?
True
Is 2/(-10) + (-486752)/(-410) composite?
False
Let x = 39 + -37. Let i(f) = 2*f**2 - f - 3. Is i(x) a composite number?
False
Let n be 4167/15 + (-6)/(-30). Let i = 1011 - n. Let y = i + -438. Is y a prime number?
False
Is 871*1 - (20 + -20) a prime number?
False
Suppose 33*w - 238811 = 14*w. Is w a composite number?
False
Let x(b) = 6*b - 5. Let s(l) = 30*l - 24. Let v(u) = -3*s(u) + 14*x(u). Let d be v(-4). Let i = d - -11. Is i a composite number?
False
Let v be 5/((-75)/(-185))*-3. Let x = 172 - v. Is x a prime number?
False
Let d = -2141 - -3262. Suppose 623 + d = 8*i. Suppose 4*c - a = 379 + i, 5*c - a - 746 = 0. Is c a composite number?
False
Suppose -3*i = -r - 4, -12 + 5 = -2*r + i. Is 148*r - (-30)/6 composite?
True
Let m be (-6 - -1)*(-1)/(15/(-378)). Is (m/(-7))/(-3)*898/(-12) composite?
False
Let w(f) be the second derivative of 32*f**3 - 19*f**2/2 - 22*f. Is w(8) composite?
True
Let h(m) = 177*m - 95. Is h(6) composite?
False
Let h(r) be the third derivative of r**3/6 - 4*r**2. Let p(c) = 90*c**3 + c**2 + c + 3. Let v(s) = 2*h(s) - p(s). Is v(-1) composite?
False
Let i(a) = -22*a - 1. Suppose 4*t = 5*l + 33, 2*l + 2 = 5*t - 1. Let n be 3 + (l - 1 - -2). Is i(n) a prime number?
True
Suppose 2*j + b = 19, j - 9 = -2*b - 4. Suppose 5*r + 16 = n - j, 0 = 2*r + 2*n + 18. Is (-528)/(-9) - (-4)/r prime?
False
Let u(w) = 0 + 2 + 12*w - w**2 + 0*w**3 - 11*w - w**3. Suppose 19 = -7*c + 2*c + g, -5*c - 23 = 3*g. Is u(c) prime?
False
Suppose -v + 0*p = -4*p - 547, -4*v + 4*p + 2164 = 0. Let i = 266 + -594. Let k = v + i. Is k composite?
False
Let o(q) = -q**3 + q**2 + q + 128. Let w = -10 + 10. Let k be o(w). Let j = k + -61. Is j composite?
False
Suppose 457 = 5*b - 353. Let g = b + -96. Let f = 113 - g. Is f prime?
True
Suppose -108*u = -113*u + 66635. Is u composite?
False
Suppose -7*i + 867 = -6*i. Suppose 0 = -7*w + 4178 - i. Is w a prime number?
False
Let h be (-15)/90 - 157/(-6). Let m = h - 26. Suppose m = -4*w - 0*w + 1052. Is w prime?
True
Let g = -204 - -521. Suppose 5*f + 2*z = 2439, f - 3*z - 164 - g = 0. Is f a composite number?
False
Let v be 177/2*8/6. Suppose -2*o = -3*o - 12. Let t = v + o. Is t a composite number?
True
Let h(x) = x**3 - 15*x**2 - 16*x - 4. Let c be h(16). Is 4473/5 + c/(-10) composite?
True
Let x be (0 - (-2 + 1)) + 40. Let p = 20 - x. Is ((-14)/p)/((-1)/(-87)) composite?
True
Suppose -s = -2*g - 8671, 12*s - 9*s - 2*g = 25997. Is s prime?
True
Let n(s) be the first derivative of 85*s**3/3 + 2*s**2 - s - 8. Is n(-2) a composite number?
False
Suppose -2*o = -2 - 2. Suppose -7*c - 45 = -o*c - 3*g, 0 = -g. Is (-2365)/c - (-2)/9 a prime number?
True
Suppose 4*y + 5*a = 2*a - 2922, -2*a + 1468 = -2*y. Let x be (-3)/6*2*401. Let q = x - y. Is q composite?
False
Suppose 2*s = -2*a + 6*s - 12, -a - 12 = -4*s. Suppose 3*p + 2*m - 2511 = a, -2*p - 2*m + 3*m = -1667. Is p prime?
False
Is (0 - 4)/(639210/(-37598) + 17) a prime number?
False
Suppose -6*x + 5 = -x. Suppose -2*w - x = 7. Is -7 - -8 - 9*w a prime number?
True
Let j(b) = b**3 + 10*b**2 - 10*b - 23. Let n be j(-11). Let u be (-1)/(-4) - (-211)/4. Let k = n + u. Is k composite?
False
Let l = 143 + -356. Is (l - (-1 + 3 + -4))*-1 a prime number?
True
Suppose -1470177 = 156*o - 183*o. Is o a composite number?
True
Let r(l) = 3*l**3 + 2*l**2 - l + 1. Let o be r(-2). Let u = 13 + o. Let a = 15 + u. Is a a prime number?
False
Suppose 74*s = 77*s - 1461. Is s a prime number?
True
Let y be 52/8 + (-3)/2. Suppose 3*n = -d + 3 - y, -32 = -5*d - n. Is d prime?
True
Let n = 31499 + -7522. Is n prime?
True
Let v(l) = l**3 + 8*l**2 - 14*l - 44. Is v(11) composite?
True
Suppose 0 = -146*j + 119*j + 1192293. Is j a composite number?
False
Let p(h) = 4*h**2 + 1. Let x be p(1). Suppose -485 = -x*q + 10*q. Let v = 52 - q. Is v composite?
False
Let c(q) = 58*q**2 + 1. Suppose 10 - 2 = 4*x. Suppose -4*m = 2*n + x, 4*m + 1 = -4*n + n. Is c(m) a prime number?
True
Let z = -11685 + 37418. Is z a composite number?
False
Let n(l) = -2*l**3 + 5*l**2 + 28*l - 26. Is n(-9) composite?
True
Let o(l) = 2 - l - 4 + 2 + 398*l**2. Is o(1) a prime number?
True
Let i = -39 + 31. Is (-3)/(-4) - (-4166)/i*-3 a prime number?
False
Let x(h) = 30*h. Suppose -2*z - 40 = -5*u, -5*u - 13 = -5*z - 53. Let g be x(u). Suppose w = -37 + g. Is w composite?
True
Let u = -9516 - -16538. Is u composite?
True
Let n(x) = 6*x**3 - 11*x + 1985. Let h(l) = l**3 - 2*l + 397. Let m(t) = 11*h(t) - 2*n(t). Is m(0) a composite number?
False
Let j(s) = s**3 + 20*s**2 + 33*s + 17. Is j(-11) composite?
False
Let w = 8 + -8. Suppose y - 17 = -w*y. Is (-2)/(-4)*4522/y a composite number?
True
Let m = 1101 - -106. Is m a prime number?
False
Suppose -4*m + 37592 = -4*k, -12*m + 11*m + 9404 = -3*k. Is m prime?
False
Suppose 0 = 3*c - 717 + 255. Suppose -c = 4*p + 182. Let v = -33 - p. Is v prime?
False
Is 16/28 + (-2758998)/(-238) composite?
False
Let i(y) = y - 1. Let k be i(19). Let d(s) = -8*s - 57. Let r(f) = -5*f - 38. Let t(g) = -5*d(g) + 7*r(g). Is t(k) a prime number?
True
Let a = 17 - 25. Is ((-157)/(-2))/((-4)/a) prime?
True
Let b(x) = x + 8. Let z be (14 + -4)*1/(-2). Let t be b(z). Is t/12 + (-270)/(-8) a prime number?
False
Suppose 7 = -4*u + 3*i, -4*i + 10 = -u - 8. Suppose u*j + 3*t = 1851, 3*j + 5*t - 3531 + 753 = 0. Is j composite?
True
Let a(j) = 8827*j**3 + j**2 + 3*j + 1. Let h be a(-1). Is (-1)/3 + 1*h/(-6) prime?
True
Is (3070/5)/2*2/2 composite?
False
Let h = 18 - 20. Let o(f) = 4*f**2 - 2*f**2 + 3 + 0*f**2 - 4*f**3 + 0*f**2 + 4*f. Is o(h) prime?
False
Let i = 1209 - -2018. Is i prime?
False
Suppose b + 3*k - 2 = 0, b + 2*k - 2 = 7*k. Suppose -b*i + 6 = i. Is i a prime number?
True
Suppose -12*i + 10*i - 3*f + 35215 = 0, 2*i - 3*f - 35197 = 0. Is i prime?
False
Suppose 28*q = 478891 - 47999. Is q a prime number?
False
Let z(u) = -u**3 - u. Let y(h) = 8*h**3 - 8*h**2 + 13*h - 6. Let d(m) = y(m) + 6*z(m). Is d(7) composite?
False
Is ((-4)/(-16))/(5/56380) prime?
True
Suppose 0 = p - 2*p, -2*y - 3*p + 78 = 0. Let r be 160/3 + 2/3. Let x = r + y. Is x a composite number?
True
Suppose -q + 3988 = -10*c + 11*c, 4*c + 3978 = q. Is q composite?
True
Let v(o) = 14*o**2 + 99*o + 707. Is v(-58) prime?
True
Let i(g) be the second derivative of 13*g**4/12 + g**2/2 - g. Suppose -d - 6 = 4*t, -3*d - t - 2 = -5*t. Is i(d) prime?
True
Let u = 39 + -27. Let d = u - 13. Is 1*-517*(-2 - d) prime?
False
Suppose 32*y - 33*y = 0. Is -1 + 321 - ((-5 - y) + 6) composite?
True
Suppose -17*t + 113752 = -9*t. Is t prime?
False
Suppose -3*s + 4060 = 2*s. Suppose -2*k + 6*k = -s. Let b = k - -364. Is b a composite number?
True
Let c = 13209 + 1888. Is c a prime number?
False
Let i = -192 - -322. Let a be (-9)/(0 + 1/(-3)). Let y = a + i. Is y composite?
False
Let t = -4416 + 6569. Is t composite?
False
Let j(o) be the first derivative of o - o**2 - 9/4*o**4 - 4/3*o**3 + 